{"id":48,"date":"2020-06-08T22:49:52","date_gmt":"2020-06-08T20:49:52","guid":{"rendered":"http:\/\/jorgecalero.org\/?page_id=48"},"modified":"2020-06-09T10:01:37","modified_gmt":"2020-06-09T08:01:37","slug":"other-professional-activities","status":"publish","type":"page","link":"http:\/\/jorgecalero.org\/?page_id=48","title":{"rendered":"Other professional activities"},"content":{"rendered":"<p><strong>Experiencia como evaluador de I+D+i<\/strong><\/p>\n<p>2020-actualidad: Evaluador de la Research Executive Agency of the European Commission (REA) para convocatorias de Horizon-2020.<\/p>\n<p>2019-actualidad: Evaluador en el Comit\u00e9 de Recursos en el \u00c1rea de Acreditaci\u00f3n del Profesorado de la Agencia Andaluza del Conocimiento.<\/p>\n<p>2019: Evaluador de la Asociaci\u00f3n Universitaria Iberoamericana de Postgrado para evaluaci\u00f3n institucional en la Universidad de Manizales (Colombia).<\/p>\n<p>2019: Evaluador de Complementos Auton\u00f3micos de Investigaci\u00f3n de la Agencia Andaluza del Conocimiento.<\/p>\n<p>2015-actualidad: Evaluador de proyectos de investigaci\u00f3n para la ANEP (Agencia Nacional de Evaluaci\u00f3n y Prospectiva).<\/p>\n<p>2016-actualidad: Evaluador para la Subdirecci\u00f3n General de Proyectos de Investigaci\u00f3n (SGPI), MINECO.<\/p>\n<p>2017: Evaluador de la AGAUR, Agencia de Gesti\u00f3n de Ayudas Universitarias y de la Investigaci\u00f3n de Catalu\u00f1a para el programa de investigaci\u00f3n RECERCAIXA.<\/p>\n<p>2015-2017: Evaluador del \u00c1rea de Acreditaci\u00f3n del Profesorado de la Agencia Andaluza del Conocimiento.<\/p>\n<p>2015: Verificaci\u00f3n de T\u00edtulos Universitarios Oficiales. Verificaci\u00f3n de titulaciones de m\u00e1ster para la agencia rusa AKKORK en la Peoples&#8217; Friendship University of Russia.<\/p>\n<p>2014, 2015: Evaluador en tres ediciones del programa de becas Talent HUB-M. Curie postdoc (Comisi\u00f3n Europea y Junta de Andaluc\u00eda).<\/p>\n<p>2010-2011: Evaluador de la Direcci\u00f3n Xeral de I+D+i de la Xunta de Galicia.<\/p>\n<p>2010-actualidad: Consultor del CSIC (Comisi\u00f3n Sectorial de Investigaci\u00f3n Cient\u00edfica) de Uruguay.<\/p>\n<p>2009-2014: Secretario del Comit\u00e9 de Ciencias Sociales y Jur\u00eddicas (evaluaci\u00f3n del profesorado) de la Agencia de Calidad Universitaria de las Islas Baleares (AQUIB).<\/p>\n<p>2008-actualidad: Evaluador de la AGAUR, Agencia de Gesti\u00f3n de Ayudas Universitarias y de la Investigaci\u00f3n de Catalu\u00f1a para programas de becas.<\/p>\n","protected":false},"excerpt":{"rendered":"<p>Experiencia como evaluador de I+D+i 2020-actualidad: Evaluador de la Research Executive Agency of the European Commission (REA) para convocatorias de&hellip;<\/p>\n","protected":false},"author":1,"featured_media":0,"parent":0,"menu_order":0,"comment_status":"closed","ping_status":"closed","template":"","meta":{"_monsterinsights_skip_tracking":false,"_monsterinsights_sitenote_active":false,"_monsterinsights_sitenote_note":"","_monsterinsights_sitenote_category":0},"yoast_head":"<!-- This site is optimized with the Yoast SEO plugin v14.2 - https:\/\/yoast.com\/wordpress\/plugins\/seo\/ -->\n<title>Other professional activities - Jorge Calero. Personal website<\/title>\n<meta name=\"robots\" content=\"index, follow\" \/>\n<meta name=\"googlebot\" content=\"index, follow, max-snippet:-1, max-image-preview:large, max-video-preview:-1\" \/>\n<meta name=\"bingbot\" content=\"index, follow, max-snippet:-1, max-image-preview:large, max-video-preview:-1\" \/>\n<link rel=\"canonical\" href=\"http:\/\/jorgecalero.org\/?page_id=48\" \/>\n<meta property=\"og:locale\" content=\"en_US\" \/>\n<meta property=\"og:type\" content=\"article\" \/>\n<meta property=\"og:title\" content=\"Other professional activities - Jorge Calero. Personal website\" \/>\n<meta property=\"og:description\" content=\"Experiencia como evaluador de I+D+i 2020-actualidad: Evaluador de la Research Executive Agency of the European Commission (REA) para convocatorias de&hellip;\" \/>\n<meta property=\"og:url\" content=\"http:\/\/jorgecalero.org\/?page_id=48\" \/>\n<meta property=\"og:site_name\" content=\"Jorge Calero. Personal website\" \/>\n<meta property=\"article:modified_time\" content=\"2020-06-09T08:01:37+00:00\" \/>\n<meta name=\"twitter:card\" content=\"summary_large_image\" \/>\n<script type=\"application\/ld+json\" class=\"yoast-schema-graph\">{\"@context\":\"https:\/\/schema.org\",\"@graph\":[{\"@type\":\"WebSite\",\"@id\":\"http:\/\/jorgecalero.org\/#website\",\"url\":\"http:\/\/jorgecalero.org\/\",\"name\":\"Jorge Calero. Personal website\",\"description\":\"\",\"potentialAction\":[{\"@type\":\"SearchAction\",\"target\":\"http:\/\/jorgecalero.org\/?s={search_term_string}\",\"query-input\":\"required name=search_term_string\"}],\"inLanguage\":\"en-US\"},{\"@type\":\"WebPage\",\"@id\":\"http:\/\/jorgecalero.org\/?page_id=48#webpage\",\"url\":\"http:\/\/jorgecalero.org\/?page_id=48\",\"name\":\"Other professional activities - Jorge Calero. Personal website\",\"isPartOf\":{\"@id\":\"http:\/\/jorgecalero.org\/#website\"},\"datePublished\":\"2020-06-08T20:49:52+00:00\",\"dateModified\":\"2020-06-09T08:01:37+00:00\",\"inLanguage\":\"en-US\",\"potentialAction\":[{\"@type\":\"ReadAction\",\"target\":[\"http:\/\/jorgecalero.org\/?page_id=48\"]}]}]}<\/script>\n<!-- \/ Yoast SEO plugin. -->","_links":{"self":[{"href":"http:\/\/jorgecalero.org\/index.php?rest_route=\/wp\/v2\/pages\/48"}],"collection":[{"href":"http:\/\/jorgecalero.org\/index.php?rest_route=\/wp\/v2\/pages"}],"about":[{"href":"http:\/\/jorgecalero.org\/index.php?rest_route=\/wp\/v2\/types\/page"}],"author":[{"embeddable":true,"href":"http:\/\/jorgecalero.org\/index.php?rest_route=\/wp\/v2\/users\/1"}],"replies":[{"embeddable":true,"href":"http:\/\/jorgecalero.org\/index.php?rest_route=%2Fwp%2Fv2%2Fcomments&post=48"}],"version-history":[{"count":2,"href":"http:\/\/jorgecalero.org\/index.php?rest_route=\/wp\/v2\/pages\/48\/revisions"}],"predecessor-version":[{"id":69,"href":"http:\/\/jorgecalero.org\/index.php?rest_route=\/wp\/v2\/pages\/48\/revisions\/69"}],"wp:attachment":[{"href":"http:\/\/jorgecalero.org\/index.php?rest_route=%2Fwp%2Fv2%2Fmedia&parent=48"}],"curies":[{"name":"wp","href":"https:\/\/api.w.org\/{rel}","templated":true}]}}